{"id":1722,"date":"2018-03-26T21:50:10","date_gmt":"2018-03-26T19:50:10","guid":{"rendered":"http:\/\/www.clubsurco.es\/?page_id=1722"},"modified":"2026-03-16T11:09:24","modified_gmt":"2026-03-16T10:09:24","slug":"tecnica","status":"publish","type":"page","link":"https:\/\/www.clubsurco.es\/?page_id=1722","title":{"rendered":"T\u00c9CNICA"},"content":{"rendered":"<h2 style=\"text-align: center;\"><strong><span style=\"color: #ff0000;\">DESCRIPCI\u00d3N de CONTROLES<\/span><\/strong><\/h2>\n<p><a href=\"http:\/\/www.fedo.org\/web\/ficheros\/competicion\/o-pie\/reglamentos\/2018\/Especificacion-Internacional-para-Descripciones-de-Control-2018.pdf\"><img loading=\"lazy\" decoding=\"async\" class=\"aligncenter size-medium wp-image-1721\" src=\"https:\/\/www.clubsurco.es\/wp-content\/uploads\/Descripci\u00f3n-de-Controles-IOF-2018-300x47.png\" alt=\"\" width=\"300\" height=\"47\" srcset=\"https:\/\/www.clubsurco.es\/wp-content\/uploads\/Descripci\u00f3n-de-Controles-IOF-2018-300x47.png 300w, https:\/\/www.clubsurco.es\/wp-content\/uploads\/Descripci\u00f3n-de-Controles-IOF-2018.png 323w\" sizes=\"auto, (max-width: 300px) 100vw, 300px\" \/><\/a><\/p>\n<p style=\"text-align: center;\"><a href=\"https:\/\/www.clubsurco.es\/wp-content\/uploads\/Resumen-Controles-IOF-2018-SURCO.pdf\"><img loading=\"lazy\" decoding=\"async\" class=\"aligncenter size-medium wp-image-676\" src=\"https:\/\/www.clubsurco.es\/wp-content\/uploads\/2014\/03\/resumen-descripcic3b3n-de-controles-300x47.png\" alt=\"\" width=\"300\" height=\"47\" srcset=\"https:\/\/www.clubsurco.es\/wp-content\/uploads\/2014\/03\/resumen-descripcic3b3n-de-controles-300x47.png 300w, https:\/\/www.clubsurco.es\/wp-content\/uploads\/2014\/03\/resumen-descripcic3b3n-de-controles.png 324w\" sizes=\"auto, (max-width: 300px) 100vw, 300px\" \/><\/a>Para imprimir y plegar<\/p>\n<p><a href=\"http:\/\/www.itinorient-madrid.com\/pagea.php\"><img loading=\"lazy\" decoding=\"async\" class=\"aligncenter size-medium wp-image-1724\" src=\"https:\/\/www.clubsurco.es\/wp-content\/uploads\/Practicar-y-aprender-300x47.png\" alt=\"\" width=\"300\" height=\"47\" srcset=\"https:\/\/www.clubsurco.es\/wp-content\/uploads\/Practicar-y-aprender-300x47.png 300w, https:\/\/www.clubsurco.es\/wp-content\/uploads\/Practicar-y-aprender.png 324w\" sizes=\"auto, (max-width: 300px) 100vw, 300px\" \/><\/a><\/p>\n<h2 style=\"text-align: center;\"><strong><span style=\"color: #008000;\">MAPAS<\/span><\/strong><\/h2>\n<p><a href=\"http:\/\/carto.fedo.org\/\"><img loading=\"lazy\" decoding=\"async\" class=\"aligncenter wp-image-1728\" src=\"https:\/\/www.clubsurco.es\/wp-content\/uploads\/Mapas-en-ESPA\u00d1A-FEDO--300x39.png\" alt=\"\" width=\"385\" height=\"50\" srcset=\"https:\/\/www.clubsurco.es\/wp-content\/uploads\/Mapas-en-ESPA\u00d1A-FEDO--300x39.png 300w, https:\/\/www.clubsurco.es\/wp-content\/uploads\/Mapas-en-ESPA\u00d1A-FEDO-.png 390w\" sizes=\"auto, (max-width: 385px) 100vw, 385px\" \/><\/a><a href=\"http:\/\/www.fedo.org\/web\/ficheros\/cartografia\/normativa\/ISOM-2017-castellano-MAY17.pdf\"><img loading=\"lazy\" decoding=\"async\" class=\"aligncenter wp-image-1729\" src=\"https:\/\/www.clubsurco.es\/wp-content\/uploads\/Normas-ISOM-2017-Desarrollo-de-mapas--300x39.png\" alt=\"\" width=\"377\" height=\"49\" srcset=\"https:\/\/www.clubsurco.es\/wp-content\/uploads\/Normas-ISOM-2017-Desarrollo-de-mapas--300x39.png 300w, https:\/\/www.clubsurco.es\/wp-content\/uploads\/Normas-ISOM-2017-Desarrollo-de-mapas-.png 390w\" sizes=\"auto, (max-width: 377px) 100vw, 377px\" \/><\/a><a href=\"https:\/\/www.fedo.org\/web\/ficheros\/cartografia\/normativa\/ISOM-2017-Apendice-1-Definicion-CMYK-de-Impresion-y-Color-03-07-2018.pdf\"><img loading=\"lazy\" decoding=\"async\" class=\"aligncenter wp-image-2173\" src=\"https:\/\/www.clubsurco.es\/wp-content\/uploads\/Normas-ISOM-2017-Ap\u00e9ndice-1-Colores--300x44.png\" alt=\"\" width=\"341\" height=\"50\" srcset=\"https:\/\/www.clubsurco.es\/wp-content\/uploads\/Normas-ISOM-2017-Ap\u00e9ndice-1-Colores--300x44.png 300w, https:\/\/www.clubsurco.es\/wp-content\/uploads\/Normas-ISOM-2017-Ap\u00e9ndice-1-Colores-.png 351w\" sizes=\"auto, (max-width: 341px) 100vw, 341px\" \/><\/a><a href=\"https:\/\/www.fedo.org\/web\/ficheros\/cartografia\/normativa\/ISSprOM-2019.pdf\"><img loading=\"lazy\" decoding=\"async\" class=\"aligncenter wp-image-3495\" src=\"https:\/\/www.clubsurco.es\/wp-content\/uploads\/Normas-ISSprOM-2019-Desarrollo-mapas-Sprint--300x34.png\" alt=\"\" width=\"476\" height=\"54\" srcset=\"https:\/\/www.clubsurco.es\/wp-content\/uploads\/Normas-ISSprOM-2019-Desarrollo-mapas-Sprint--300x34.png 300w, https:\/\/www.clubsurco.es\/wp-content\/uploads\/Normas-ISSprOM-2019-Desarrollo-mapas-Sprint-.png 451w\" sizes=\"auto, (max-width: 476px) 100vw, 476px\" \/><\/a><\/p>\n<h2 style=\"text-align: center;\"><span style=\"color: #0000ff;\"><strong>EDUCACI\u00d3N<\/strong><\/span><\/h2>\n<h3 style=\"text-align: center;\"><a href=\"https:\/\/www.clubsurco.es\/wp-content\/uploads\/Educapeques-5-juegos-para-desarrollar-el-sentido-de-la-orientaci\u00f3n-www.educapeques.com_.pdf\"><span style=\"color: #0000ff;\"><strong>EDUCAPEQUES ( Desarrollo sentido orientaci\u00f3n )<\/strong><\/span><\/a><\/h3>\n<h2 style=\"text-align: center;\"><a href=\"https:\/\/www.clubsurco.es\/wp-content\/uploads\/Perdidos-en-el-patio-1\u00ba-y-2\u00ba-de-ESO-UDA.pdf\"><span style=\"color: #0000ff;\"><strong>PERDIDOS en el PATIO &#8211; 1\u00ba y 2\u00ba de ESO &#8211; UDA<\/strong><\/span><\/a><\/h2>\n<p><a href=\"https:\/\/www.youtube.com\/watch?v=JuavrQ_zCT0&amp;pbjreload=10\"><img loading=\"lazy\" decoding=\"async\" class=\"aligncenter size-medium wp-image-2515\" src=\"https:\/\/www.clubsurco.es\/wp-content\/uploads\/2018-14-300x151.jpg\" alt=\"\" width=\"300\" height=\"151\" srcset=\"https:\/\/www.clubsurco.es\/wp-content\/uploads\/2018-14-300x151.jpg 300w, https:\/\/www.clubsurco.es\/wp-content\/uploads\/2018-14-619x311.jpg 619w, https:\/\/www.clubsurco.es\/wp-content\/uploads\/2018-14.jpg 738w\" sizes=\"auto, (max-width: 300px) 100vw, 300px\" \/><\/a><\/p>\n<p style=\"text-align: center;\"><span style=\"color: #ff0000;\"><strong>Orientaci\u00f3n 1 &#8211; El mapa<\/strong><\/span><\/p>\n<p style=\"text-align: center;\"><a href=\"https:\/\/www.youtube.com\/watch?v=81sxTurHBpE&amp;pbjreload=10\"><img loading=\"lazy\" decoding=\"async\" class=\"aligncenter size-medium wp-image-2516\" src=\"https:\/\/www.clubsurco.es\/wp-content\/uploads\/2018-15-300x151.jpg\" alt=\"\" width=\"300\" height=\"151\" srcset=\"https:\/\/www.clubsurco.es\/wp-content\/uploads\/2018-15-300x151.jpg 300w, https:\/\/www.clubsurco.es\/wp-content\/uploads\/2018-15-619x311.jpg 619w, https:\/\/www.clubsurco.es\/wp-content\/uploads\/2018-15.jpg 734w\" sizes=\"auto, (max-width: 300px) 100vw, 300px\" \/><\/a><span style=\"color: #ff0000;\"><strong>Orientaci\u00f3n 2 &#8211; Planeando tu ruta<\/strong><\/span><\/p>\n<p style=\"text-align: center;\"><a href=\"https:\/\/www.youtube.com\/watch?v=dFqTmAFqPMg&amp;pbjreload=10\"><img loading=\"lazy\" decoding=\"async\" class=\"aligncenter size-medium wp-image-2517\" src=\"https:\/\/www.clubsurco.es\/wp-content\/uploads\/2018-16-300x152.jpg\" alt=\"\" width=\"300\" height=\"152\" srcset=\"https:\/\/www.clubsurco.es\/wp-content\/uploads\/2018-16-300x152.jpg 300w, https:\/\/www.clubsurco.es\/wp-content\/uploads\/2018-16-619x313.jpg 619w, https:\/\/www.clubsurco.es\/wp-content\/uploads\/2018-16.jpg 730w\" sizes=\"auto, (max-width: 300px) 100vw, 300px\" \/><\/a><span style=\"color: #ff0000;\"><strong>Orientaci\u00f3n 3 &#8211; Encontrando tu camino <\/strong><\/span><\/p>\n<h2><em>\u00a0<\/em><\/h2>\n","protected":false},"excerpt":{"rendered":"<p>DESCRIPCI\u00d3N de CONTROLES Para imprimir y plegar MAPAS EDUCACI\u00d3N EDUCAPEQUES ( Desarrollo sentido orientaci\u00f3n ) PERDIDOS en el PATIO &#8211; 1\u00ba y 2\u00ba de ESO &#8211; UDA Orientaci\u00f3n 1 &#8211; El mapa Orientaci\u00f3n 2 &#8211; Planeando tu ruta Orientaci\u00f3n 3 &#8211; Encontrando tu camino \u00a0<\/p>\n","protected":false},"author":1,"featured_media":0,"parent":0,"menu_order":6,"comment_status":"closed","ping_status":"closed","template":"","meta":{"footnotes":""},"class_list":["post-1722","page","type-page","status-publish","hentry"],"_links":{"self":[{"href":"https:\/\/www.clubsurco.es\/index.php?rest_route=\/wp\/v2\/pages\/1722","targetHints":{"allow":["GET"]}}],"collection":[{"href":"https:\/\/www.clubsurco.es\/index.php?rest_route=\/wp\/v2\/pages"}],"about":[{"href":"https:\/\/www.clubsurco.es\/index.php?rest_route=\/wp\/v2\/types\/page"}],"author":[{"embeddable":true,"href":"https:\/\/www.clubsurco.es\/index.php?rest_route=\/wp\/v2\/users\/1"}],"replies":[{"embeddable":true,"href":"https:\/\/www.clubsurco.es\/index.php?rest_route=%2Fwp%2Fv2%2Fcomments&post=1722"}],"version-history":[{"count":18,"href":"https:\/\/www.clubsurco.es\/index.php?rest_route=\/wp\/v2\/pages\/1722\/revisions"}],"predecessor-version":[{"id":9623,"href":"https:\/\/www.clubsurco.es\/index.php?rest_route=\/wp\/v2\/pages\/1722\/revisions\/9623"}],"wp:attachment":[{"href":"https:\/\/www.clubsurco.es\/index.php?rest_route=%2Fwp%2Fv2%2Fmedia&parent=1722"}],"curies":[{"name":"wp","href":"https:\/\/api.w.org\/{rel}","templated":true}]}}