{"id":1880,"date":"2018-03-31T18:08:23","date_gmt":"2018-03-31T16:08:23","guid":{"rendered":"http:\/\/www.clubsurco.es\/?page_id=1880"},"modified":"2023-02-27T21:28:10","modified_gmt":"2023-02-27T20:28:10","slug":"elecciones-2016","status":"publish","type":"page","link":"https:\/\/www.clubsurco.es\/?page_id=1880","title":{"rendered":"ELECCIONES 2022"},"content":{"rendered":"<h2><span style=\"color: #ff0000;\"><strong>2022&#8212;Elecciones Junta Directiva Club SURCO<\/strong><\/span><\/h2>\n<p>En la Asamblea General Ordinaria del Club de Orientaci\u00f3n SURCO del 3 de Noviembre de 2022 ha quedado constituida la nueva Junta Directiva del Club con el nombramiento de los cargos siguientes:<\/p>\n<p>Presidente&#8230;&#8230;&#8230;&#8230;&#8230;&#8230;.. Manuel Fernando Pach\u00f3n Tocado<\/p>\n<p>Vicepresidente&#8230;&#8230;&#8230;&#8230; David de Dios Vi\u00f1as<\/p>\n<p>Secretario&#8230;&#8230;&#8230;&#8230;&#8230;&#8230;&#8230; Andr\u00e9s Jes\u00fas P\u00e9rez Aguilera<\/p>\n<p>Tesorero&#8230;&#8230;&#8230;&#8230;&#8230;&#8230;&#8230;.. Juan David P\u00e9rez-Caballero Fern\u00e1ndez<\/p>\n<p>Director T\u00e9cnico\u2026..\u2026 Jos\u00e9 Manuel Garc\u00eda Crespo<\/p>\n","protected":false},"excerpt":{"rendered":"<p>2022&#8212;Elecciones Junta Directiva Club SURCO En la Asamblea General Ordinaria del Club de Orientaci\u00f3n SURCO del 3 de Noviembre de 2022 ha quedado constituida la nueva Junta Directiva del Club con el nombramiento de los cargos siguientes: Presidente&#8230;&#8230;&#8230;&#8230;&#8230;&#8230;.. Manuel Fernando Pach\u00f3n Tocado Vicepresidente&#8230;&#8230;&#8230;&#8230; David de Dios Vi\u00f1as Secretario&#8230;&#8230;&#8230;&#8230;&#8230;&#8230;&#8230; Andr\u00e9s Jes\u00fas P\u00e9rez Aguilera Tesorero&#8230;&#8230;&#8230;&#8230;&#8230;&#8230;&#8230;.. Juan David [&hellip;]<\/p>\n","protected":false},"author":1,"featured_media":0,"parent":1872,"menu_order":4,"comment_status":"closed","ping_status":"closed","template":"","meta":{"footnotes":""},"class_list":["post-1880","page","type-page","status-publish","hentry"],"_links":{"self":[{"href":"https:\/\/www.clubsurco.es\/index.php?rest_route=\/wp\/v2\/pages\/1880","targetHints":{"allow":["GET"]}}],"collection":[{"href":"https:\/\/www.clubsurco.es\/index.php?rest_route=\/wp\/v2\/pages"}],"about":[{"href":"https:\/\/www.clubsurco.es\/index.php?rest_route=\/wp\/v2\/types\/page"}],"author":[{"embeddable":true,"href":"https:\/\/www.clubsurco.es\/index.php?rest_route=\/wp\/v2\/users\/1"}],"replies":[{"embeddable":true,"href":"https:\/\/www.clubsurco.es\/index.php?rest_route=%2Fwp%2Fv2%2Fcomments&post=1880"}],"version-history":[{"count":9,"href":"https:\/\/www.clubsurco.es\/index.php?rest_route=\/wp\/v2\/pages\/1880\/revisions"}],"predecessor-version":[{"id":6991,"href":"https:\/\/www.clubsurco.es\/index.php?rest_route=\/wp\/v2\/pages\/1880\/revisions\/6991"}],"up":[{"embeddable":true,"href":"https:\/\/www.clubsurco.es\/index.php?rest_route=\/wp\/v2\/pages\/1872"}],"wp:attachment":[{"href":"https:\/\/www.clubsurco.es\/index.php?rest_route=%2Fwp%2Fv2%2Fmedia&parent=1880"}],"curies":[{"name":"wp","href":"https:\/\/api.w.org\/{rel}","templated":true}]}}