{"id":1886,"date":"2018-03-31T18:17:25","date_gmt":"2018-03-31T16:17:25","guid":{"rendered":"http:\/\/www.clubsurco.es\/?page_id=1886"},"modified":"2018-03-31T20:51:38","modified_gmt":"2018-03-31T18:51:38","slug":"chandal","status":"publish","type":"page","link":"https:\/\/www.clubsurco.es\/?page_id=1886","title":{"rendered":"Ch\u00e1ndal"},"content":{"rendered":"<p>Los socios que deseen adquirir ch\u00e1ndales deber\u00e1n rellenar el formulario en el que seleccionar\u00e1n la talla del material que desean adquirir.<\/p>\n<p>El precio que figura en cada prenda es el que hay que abonar. En \u00e9l ya est\u00e1 descontada la peque\u00f1a ayuda que el Club hace, ya que el precio real es ligeramente m\u00e1s alto ( 5 \u20ac ).<\/p>\n<p>Una vez rellenado el formulario, hacer el c\u00e1lculo del coste de todo el material que se solicita e ingresarlo en la cuenta del Club.<\/p>\n<p><strong>OPEN BANK\u00a0 <\/strong>\u00a0\u00a0\u00a0IBAN n\u00ba\u00a0\u00a0\u00a0 ES84 0073 0100 5604 8779 9336<\/p>\n<p>Cuando se reciban, se avisar\u00e1 a los solicitantes para que pasen por el Club a recoger las prendas que encargaron.<\/p>\n<p><img loading=\"lazy\" decoding=\"async\" class=\"aligncenter wp-image-1938\" src=\"https:\/\/www.clubsurco.es\/wp-content\/uploads\/Ch\u00e1ndal-delante-detr\u00e1s-superior-300x190.jpg\" alt=\"\" width=\"785\" height=\"497\" srcset=\"https:\/\/www.clubsurco.es\/wp-content\/uploads\/Ch\u00e1ndal-delante-detr\u00e1s-superior-300x190.jpg 300w, https:\/\/www.clubsurco.es\/wp-content\/uploads\/Ch\u00e1ndal-delante-detr\u00e1s-superior-768x487.jpg 768w, https:\/\/www.clubsurco.es\/wp-content\/uploads\/Ch\u00e1ndal-delante-detr\u00e1s-superior-1024x650.jpg 1024w, https:\/\/www.clubsurco.es\/wp-content\/uploads\/Ch\u00e1ndal-delante-detr\u00e1s-superior-619x393.jpg 619w, https:\/\/www.clubsurco.es\/wp-content\/uploads\/Ch\u00e1ndal-delante-detr\u00e1s-superior.jpg 1302w\" sizes=\"auto, (max-width: 785px) 100vw, 785px\" \/> <img loading=\"lazy\" decoding=\"async\" class=\"aligncenter wp-image-1939\" src=\"https:\/\/www.clubsurco.es\/wp-content\/uploads\/Ch\u00e1ndal-tallas-266x300.jpg\" alt=\"\" width=\"780\" height=\"880\" srcset=\"https:\/\/www.clubsurco.es\/wp-content\/uploads\/Ch\u00e1ndal-tallas-266x300.jpg 266w, https:\/\/www.clubsurco.es\/wp-content\/uploads\/Ch\u00e1ndal-tallas-768x866.jpg 768w, https:\/\/www.clubsurco.es\/wp-content\/uploads\/Ch\u00e1ndal-tallas.jpg 908w, https:\/\/www.clubsurco.es\/wp-content\/uploads\/Ch\u00e1ndal-tallas-619x698.jpg 619w\" sizes=\"auto, (max-width: 780px) 100vw, 780px\" \/><\/p>\n<p><a href=\"https:\/\/docs.google.com\/forms\/d\/e\/1FAIpQLSfW-ymPIDK6qW99Qwke0ifdi6d4qGlqcJEq6O3JLZlL2pTZyw\/viewform\"> <img loading=\"lazy\" decoding=\"async\" class=\"aligncenter size-full wp-image-1940\" src=\"https:\/\/www.clubsurco.es\/wp-content\/uploads\/PETICI\u00d3N-de-CH\u00c1NDALES.png\" alt=\"\" width=\"295\" height=\"51\" \/><\/a><\/p>\n","protected":false},"excerpt":{"rendered":"<p>Los socios que deseen adquirir ch\u00e1ndales deber\u00e1n rellenar el formulario en el que seleccionar\u00e1n la talla del material que desean adquirir. El precio que figura en cada prenda es el que hay que abonar. En \u00e9l ya est\u00e1 descontada la peque\u00f1a ayuda que el Club hace, ya que el precio real es ligeramente m\u00e1s alto [&hellip;]<\/p>\n","protected":false},"author":1,"featured_media":0,"parent":1878,"menu_order":3,"comment_status":"closed","ping_status":"closed","template":"","meta":{"footnotes":""},"class_list":["post-1886","page","type-page","status-publish","hentry"],"_links":{"self":[{"href":"https:\/\/www.clubsurco.es\/index.php?rest_route=\/wp\/v2\/pages\/1886","targetHints":{"allow":["GET"]}}],"collection":[{"href":"https:\/\/www.clubsurco.es\/index.php?rest_route=\/wp\/v2\/pages"}],"about":[{"href":"https:\/\/www.clubsurco.es\/index.php?rest_route=\/wp\/v2\/types\/page"}],"author":[{"embeddable":true,"href":"https:\/\/www.clubsurco.es\/index.php?rest_route=\/wp\/v2\/users\/1"}],"replies":[{"embeddable":true,"href":"https:\/\/www.clubsurco.es\/index.php?rest_route=%2Fwp%2Fv2%2Fcomments&post=1886"}],"version-history":[{"count":4,"href":"https:\/\/www.clubsurco.es\/index.php?rest_route=\/wp\/v2\/pages\/1886\/revisions"}],"predecessor-version":[{"id":1947,"href":"https:\/\/www.clubsurco.es\/index.php?rest_route=\/wp\/v2\/pages\/1886\/revisions\/1947"}],"up":[{"embeddable":true,"href":"https:\/\/www.clubsurco.es\/index.php?rest_route=\/wp\/v2\/pages\/1878"}],"wp:attachment":[{"href":"https:\/\/www.clubsurco.es\/index.php?rest_route=%2Fwp%2Fv2%2Fmedia&parent=1886"}],"curies":[{"name":"wp","href":"https:\/\/api.w.org\/{rel}","templated":true}]}}