{"id":4536,"date":"2019-12-18T13:26:10","date_gmt":"2019-12-18T12:26:10","guid":{"rendered":"http:\/\/www.clubsurco.es\/?page_id=4536"},"modified":"2026-01-25T21:16:48","modified_gmt":"2026-01-25T20:16:48","slug":"7a-la-10-11-octubre-2020","status":"publish","type":"page","link":"https:\/\/www.clubsurco.es\/?page_id=4536","title":{"rendered":"I LA \u2013 28 Febrero y 1 Marzo 2026"},"content":{"rendered":"<h2><span style=\"color: #ff0000;\">I LA &#8211; C\u00e1diz \u2013 28 Febrero y 1 Marzo 2026<\/span><\/h2>\n<h1>El Club SUN-O organiza el II Barbate SUN-O CUP.<\/h1>\n<p>La informaci\u00f3n actual est\u00e1 en el Bolet\u00edn 1 de la prueba:<\/p>\n<p><a href=\"https:\/\/sun-o.com\/wp-content\/uploads\/2021\/10\/Boletin-1-5.pdf\"><img loading=\"lazy\" decoding=\"async\" class=\"aligncenter  wp-image-9482\" src=\"https:\/\/www.clubsurco.es\/wp-content\/uploads\/Boletin-Barbate.jpg\" alt=\"\" width=\"126\" height=\"179\" \/><\/a><\/p>\n<p>La informaci\u00f3n actualizada de la prueba estar\u00e1 en su web<\/p>\n<p><a href=\"https:\/\/sun-o.com\/en\/event\/barbate-sun-o-cup\/\"><img loading=\"lazy\" decoding=\"async\" class=\"aligncenter  wp-image-9480\" src=\"https:\/\/www.clubsurco.es\/wp-content\/uploads\/Web-Barbate-300x109.jpg\" alt=\"\" width=\"237\" height=\"86\" srcset=\"https:\/\/www.clubsurco.es\/wp-content\/uploads\/Web-Barbate-300x109.jpg 300w, https:\/\/www.clubsurco.es\/wp-content\/uploads\/Web-Barbate-619x225.jpg 619w, https:\/\/www.clubsurco.es\/wp-content\/uploads\/Web-Barbate.jpg 699w\" sizes=\"auto, (max-width: 237px) 100vw, 237px\" \/><\/a><\/p>\n<p>Para inscribirse, rellenar uno de los dos formularios. El que prefieras.<\/p>\n<p><strong><u>INSCRIBIRSE SOCIOS FEDERADOS<\/u><\/strong><\/p>\n<p>En la inscripci\u00f3n directa ( 1\u00aa opci\u00f3n ), el plazo de inscripci\u00f3n es el marcado por la Organizaci\u00f3n del Evento, y una vez hecha la inscripci\u00f3n, marcar <strong>\u201cpago por transferencia\u201d, pero<\/strong> <span style=\"color: #ff0000;\"><strong>NO hacer la transferencia<\/strong><\/span>. La har\u00e1 el Club.<a href=\"https:\/\/sico.fedo.org\/login.php?user_type=individual&amp;page=\"><img loading=\"lazy\" decoding=\"async\" class=\"aligncenter size-medium wp-image-5623\" src=\"https:\/\/www.clubsurco.es\/wp-content\/uploads\/Me-inscribo-directamente-Naranja-x2-300x53.jpg\" alt=\"\" width=\"300\" height=\"53\" srcset=\"https:\/\/www.clubsurco.es\/wp-content\/uploads\/Me-inscribo-directamente-Naranja-x2-300x53.jpg 300w, https:\/\/www.clubsurco.es\/wp-content\/uploads\/Me-inscribo-directamente-Naranja-x2-768x137.jpg 768w, https:\/\/www.clubsurco.es\/wp-content\/uploads\/Me-inscribo-directamente-Naranja-x2-1024x182.jpg 1024w, https:\/\/www.clubsurco.es\/wp-content\/uploads\/Me-inscribo-directamente-Naranja-x2-619x110.jpg 619w, https:\/\/www.clubsurco.es\/wp-content\/uploads\/Me-inscribo-directamente-Naranja-x2.jpg 1196w\" sizes=\"auto, (max-width: 300px) 100vw, 300px\" \/><\/a><strong><u>INSCRIBIRSE SOCIOS NO FEDERADOS\u00a0\u00a0 Y\u00a0\u00a0 FEDERADOS<\/u><\/strong><\/p>\n<p>En la 2\u00aa opci\u00f3n, el plazo de inscripci\u00f3n es algo m\u00e1s corto, marcado por Club SURCO.<\/p>\n<p>Las inscripciones se har\u00e1n con los que cumplimenten el formulario antes del 20 de Febrero a las 22:00, ya que a esa hora se cerrar\u00e1 el formulario y se har\u00e1n las \u00faltimas inscripciones.<\/p>\n<p><a href=\"https:\/\/forms.gle\/ABthSMZnc2Zixket7\"><img loading=\"lazy\" decoding=\"async\" class=\"aligncenter size-medium wp-image-5622\" src=\"https:\/\/www.clubsurco.es\/wp-content\/uploads\/Me-inscribe-el-Club-Naranja-x2-300x53.jpg\" alt=\"\" width=\"300\" height=\"53\" srcset=\"https:\/\/www.clubsurco.es\/wp-content\/uploads\/Me-inscribe-el-Club-Naranja-x2-300x53.jpg 300w, https:\/\/www.clubsurco.es\/wp-content\/uploads\/Me-inscribe-el-Club-Naranja-x2-768x137.jpg 768w, https:\/\/www.clubsurco.es\/wp-content\/uploads\/Me-inscribe-el-Club-Naranja-x2-1024x182.jpg 1024w, https:\/\/www.clubsurco.es\/wp-content\/uploads\/Me-inscribe-el-Club-Naranja-x2-619x110.jpg 619w, https:\/\/www.clubsurco.es\/wp-content\/uploads\/Me-inscribe-el-Club-Naranja-x2.jpg 1196w\" sizes=\"auto, (max-width: 300px) 100vw, 300px\" \/><\/a><a href=\"https:\/\/sico.fedo.org\/carrera.php?id=20162250\"><img loading=\"lazy\" decoding=\"async\" class=\"aligncenter  wp-image-5621\" src=\"https:\/\/www.clubsurco.es\/wp-content\/uploads\/Inscritos-verde-300x109.jpg\" alt=\"\" width=\"179\" height=\"65\" srcset=\"https:\/\/www.clubsurco.es\/wp-content\/uploads\/Inscritos-verde-300x109.jpg 300w, https:\/\/www.clubsurco.es\/wp-content\/uploads\/Inscritos-verde.jpg 603w\" sizes=\"auto, (max-width: 179px) 100vw, 179px\" \/><\/a><\/p>\n<p><img loading=\"lazy\" decoding=\"async\" class=\" wp-image-9396\" src=\"https:\/\/www.clubsurco.es\/wp-content\/uploads\/Publicidad-PMD-Competiciones-2026-red-300x56.jpg\" alt=\"\" width=\"546\" height=\"102\" srcset=\"https:\/\/www.clubsurco.es\/wp-content\/uploads\/Publicidad-PMD-Competiciones-2026-red-300x56.jpg 300w, https:\/\/www.clubsurco.es\/wp-content\/uploads\/Publicidad-PMD-Competiciones-2026-red-1024x192.jpg 1024w, https:\/\/www.clubsurco.es\/wp-content\/uploads\/Publicidad-PMD-Competiciones-2026-red-768x144.jpg 768w, https:\/\/www.clubsurco.es\/wp-content\/uploads\/Publicidad-PMD-Competiciones-2026-red-1536x288.jpg 1536w, https:\/\/www.clubsurco.es\/wp-content\/uploads\/Publicidad-PMD-Competiciones-2026-red-619x116.jpg 619w, https:\/\/www.clubsurco.es\/wp-content\/uploads\/Publicidad-PMD-Competiciones-2026-red.jpg 2000w\" sizes=\"auto, (max-width: 546px) 100vw, 546px\" \/><\/p>\n","protected":false},"excerpt":{"rendered":"<p>I LA &#8211; C\u00e1diz \u2013 28 Febrero y 1 Marzo 2026 El Club SUN-O organiza el II Barbate SUN-O CUP. La informaci\u00f3n actual est\u00e1 en el Bolet\u00edn 1 de la prueba: La informaci\u00f3n actualizada de la prueba estar\u00e1 en su web Para inscribirse, rellenar uno de los dos formularios. El que prefieras. INSCRIBIRSE SOCIOS FEDERADOS [&hellip;]<\/p>\n","protected":false},"author":1,"featured_media":0,"parent":1965,"menu_order":1,"comment_status":"closed","ping_status":"closed","template":"","meta":{"footnotes":""},"class_list":["post-4536","page","type-page","status-publish","hentry"],"_links":{"self":[{"href":"https:\/\/www.clubsurco.es\/index.php?rest_route=\/wp\/v2\/pages\/4536","targetHints":{"allow":["GET"]}}],"collection":[{"href":"https:\/\/www.clubsurco.es\/index.php?rest_route=\/wp\/v2\/pages"}],"about":[{"href":"https:\/\/www.clubsurco.es\/index.php?rest_route=\/wp\/v2\/types\/page"}],"author":[{"embeddable":true,"href":"https:\/\/www.clubsurco.es\/index.php?rest_route=\/wp\/v2\/users\/1"}],"replies":[{"embeddable":true,"href":"https:\/\/www.clubsurco.es\/index.php?rest_route=%2Fwp%2Fv2%2Fcomments&post=4536"}],"version-history":[{"count":25,"href":"https:\/\/www.clubsurco.es\/index.php?rest_route=\/wp\/v2\/pages\/4536\/revisions"}],"predecessor-version":[{"id":9484,"href":"https:\/\/www.clubsurco.es\/index.php?rest_route=\/wp\/v2\/pages\/4536\/revisions\/9484"}],"up":[{"embeddable":true,"href":"https:\/\/www.clubsurco.es\/index.php?rest_route=\/wp\/v2\/pages\/1965"}],"wp:attachment":[{"href":"https:\/\/www.clubsurco.es\/index.php?rest_route=%2Fwp%2Fv2%2Fmedia&parent=4536"}],"curies":[{"name":"wp","href":"https:\/\/api.w.org\/{rel}","templated":true}]}}